lse
Does 5 divide 133135?
True
Is 12548 a multiple of 285?
False
Does 66 divide 699050?
False
Is 1003135 even?
False
Is 29121 a multiple of 18?
False
Does 13 divide 162762?
False
Is 945698 a multiple of 308?
False
Is 145288 a multiple of 254?
True
Is 230149 a multiple of 86?
False
Does 55 divide 225885?
True
Is 114 a factor of 118062?
False
Does 119 divide 125150?
False
Is 5765784 a multiple of 222?
True
Is 11 a factor of 46596?
True
Is 38 a factor of 5239174?
True
Is 10 a factor of 149343?
False
Does 967 divide 2871990?
True
Does 8 divide 212773?
False
Is 232 a factor of 26499?
False
Does 580 divide 18322780?
True
Is 13376 a multiple of 8?
True
Does 8 divide 122891?
False
Is 4 a factor of 46535?
False
Is 452322 a multiple of 8?
False
Does 83 divide 2016539?
False
Is 1697 a factor of 4052353?
False
Does 193 divide 379227?
False
Is 237 a factor of 148239?
False
Is 314918 a multiple of 202?
True
Is 3285903 a multiple of 29?
True
Is 1317084 a multiple of 56?
False
Is 23 a factor of 1065611?
False
Does 12 divide 207204?
True
Is 443 a factor of 3022146?
True
Does 204 divide 1443096?
True
Does 53 divide 321510?
False
Does 15 divide 4283250?
True
Does 25 divide 53092?
False
Is 762500 a multiple of 610?
True
Is 122 a factor of 1380796?
True
Does 591 divide 6073707?
True
Does 30 divide 199150?
False
Is 11799036 a multiple of 5?
False
Does 1016 divide 2243328?
True
Does 26 divide 172304?
False
Is 92924 a multiple of 52?
True
Is 1947628 a multiple of 333?
False
Is 1054556 a multiple of 238?
False
Does 10 divide 276611?
False
Is 60600 a multiple of 10?
True
Is 636 a factor of 321816?
True
Is 3 a factor of 197414?
False
Does 95 divide 4979520?
True
Does 69 divide 1594966?
False
Is 50 a factor of 8344473?
False
Is 68 a factor of 7684210?
False
Is 4995545 a multiple of 127?
True
Is 24 a factor of 39589?
False
Does 606 divide 8720340?
True
Is 143276 a multiple of 17?
True
Does 237 divide 2087431?
False
Does 4 divide 159572?
True
Does 7 divide 192007?
False
Is 38088 a multiple of 24?
True
Does 17 divide 5038433?
False
Does 151 divide 366326?
True
Does 828 divide 5632?
False
Does 151 divide 388242?
False
Is 6825638 a multiple of 56?
False
Is 2 a factor of 29148?
True
Is 21 a factor of 1631546?
False
Is 39 a factor of 4297881?
False
Is 184523 a multiple of 300?
False
Is 172 a factor of 26932?
False
Does 6 divide 28110?
True
Is 402116 a multiple of 481?
True
Does 100 divide 70903?
False
Is 176341 a multiple of 9?
False
Is 142 a factor of 9660?
False
Is 105 a factor of 490140?
True
Does 917 divide 2771438?
False
Is 19177 a multiple of 75?
False
Does 217 divide 288035?
False
Does 36 divide 3854033?
False
Is 9 a factor of 3085884?
True
Does 17 divide 1356479?
False
Is 410504 a multiple of 20?
False
Does 18 divide 407178?
True
Is 514 a factor of 3081430?
True
Is 16 a factor of 2855216?
True
Is 315 a factor of 5228330?
False
Is 9273 a multiple of 2?
False
Does 241 divide 2509051?
True
Does 141 divide 3055752?
True
Is 67821 a multiple of 37?
True
Does 221 divide 387634?
True
Is 655314 a multiple of 33?
True
Is 10 a factor of 81990?
True
Is 7 a factor of 1765292?
False
Is 61 a factor of 7210?
False
Is 1079439 a multiple of 198?
False
Does 35 divide 410445?
True
Is 373038 a multiple of 13?
False
Is 198750 a multiple of 53?
True
Is 40 a factor of 54674?
False
Is 2002 a factor of 36364328?
True
Is 33684 a multiple of 12?
True
Does 30 divide 947753?
False
Is 4489557 a multiple of 25?
False
Does 370 divide 1509295?
False
Is 8 a factor of 6544?
True
Is 4 a factor of 744605?
False
Is 108 a factor of 212436?
True
Is 9 a factor of 182305?
False
Does 463 divide 187108?
False
Does 209 divide 960846?
False
Does 123 divide 168879?
True
Does 5 divide 1889150?
True
Is 4052808 a multiple of 73?
False
Does 80 divide 7761600?
True
Does 9 divide 988110?
True
Is 8 a factor of 560128?
True
Is 882 a factor of 1343016?
False
Is 7946471 a multiple of 374?
False
Does 91 divide 2236871?
True
Is 749058 a multiple of 6?
True
Does 504 divide 157717?
False
Does 326 divide 713947?
False
Is 82296 a multiple of 8?
True
Does 537 divide 280314?
True
Does 61 divide 588778?
False
Is 5420 a multiple of 2?
True
Is 6901762 a multiple of 1598?
True
Is 47 a factor of 168307?
True
Is 96 a factor of 224064?
True
Does 20 divide 492560?
True
Does 257 divide 122132?
False
Is 86695 a multiple of 35?
True
Does 17 divide 83931?
False
Is 478 a factor of 669200?
True
Is 23 a factor of 376290?
False
Is 137328 a multiple of 37?
False
Does 112 divide 78512?
True
Is 356741 a multiple of 7?
True
Does 307 divide 3088872?
False
Does 98 divide 84770?
True
Does 21 divide 81963?
True
Does 52 divide 63271?
False
Does 26 divide 375414?
True
Is 392 a factor of 287539?
False
Is 810717 a multiple of 17?
False
Is 8464 a multiple of 19?
False
Does 20 divide 5823709?
False
Is 240 a factor of 1929895?
False
Does 50 divide 1829850?
True
Is 148 a factor of 93092?
True
Does 2 divide 97550?
True
Is 11 a factor of 197208?
True
Is 24 a factor of 1011264?
True
Is 137128 a multiple of 166?
False
Is 686 a factor of 11707276?
True
Is 18933954 a multiple of 131?
True
Is 104184 a multiple of 9?
True
Is 186 a factor of 119412?
True
Is 83719 a multiple of 23?
False
Is 656 a factor of 1685920?
True
Does 16 divide 2668880?
True
Is 1065475 a multiple of 109?
True
Is 6121330 a multiple of 135?
False
Is 5248404 a multiple of 28?
True
Is 71 a factor of 121268?
True
Does 12 divide 15557?
False
Is 5595119 a multiple of 139?
False
Is 2 a factor of 105201?
False
Is 1133 a factor of 5756346?
False
Does 118 divide 265028?
True
Does 38 divide 998298?
True
Is 228582 a multiple of 571?
False
Is 1920707 a multiple of 23?
True
Does 2 divide 11420?
True
Is 54538 a multiple of 134?
True
Is 26 a factor of 215514?
True
Does 40 divide 322566?
False
Does 1558 divide 9583846?
False
Is 753183 a multiple of 6?
False
Does 23 divide 2739323?
True
Is 210559 a multiple of 881?
True
Is 55027 a multiple of 316?
False
Is 155350 a multiple of 130?
True
Is 3 a factor of 2472856?
False
Is 17 a factor of 18054?
True
Does 39 divide 220917?
False
Does 74 divide 1135678?
True
Is 7 a factor of 1532571?
False
Does 71 divide 1046185?
True
Does 105 divide 119938?
False
Does 10 divide 145456?
False
Is 2611218 a multiple of 174?
True
Is 47 a factor of 43873?
False
Does 5 divide 738420?
True
Is 31034122 a multiple of 89?
True
Is 167 a factor of 946723?
True
Is 233634 a multiple of 69?
True
Is 43790 a multiple of 16?
False
Is 19 a factor of 15396812?
False
Is 441 a factor of 844074?
True
Is 57 a factor of 379164?
True
Is 518 a factor of 3455578?
True
Does 657 divide 233892?
True
Is 2626542 a multiple of 369?
True
Is 1534413 a multiple of 59?
True
Does 6 divide 26508?
True
Does 9 divide 203202?
True
Is 525878 a multiple of 17?
True
Does 9 divide 198?
True
Is 1630056 a multiple of 46?
True
Is 229104 a multiple of 344?
True
Is 56 a factor of 1383648?
True
Is 12 a factor of 254628?
True
Is 1121796 a multiple of 468?
True
Is 8 a factor of 233208?
True
Is 9 a factor of 11961?
True
Is 72 a factor of 1264968?
True
Does 328 divide 3219945?
False
Is 7293204 a multiple of 17?
True
Does 3 divide 42573?
True
Is 2 a factor of 33995?
False
Is 2016018 a multiple of 282?
True
Is 303298 a multiple of 14?
False
Is 95316 a multiple of 26?
True
Is 765634 a multiple of 82?
True
Is 22691 a multiple of 50?
False
Is 212175 a multiple of 356?
False
Is 231710 a multiple of 13?
False
Is 941390 a multiple of 115?
True
Is 386602 a multiple of 86?
False
Is 782189 a multiple of 231?
False
Is 826259 a multiple of 6?
False
Does 72 divide 114894?
False
Is 19 a factor of 12536916?
False
Does 142 divide 1853478?
False
Is 1456185 a multiple of 11?
False
Does 22 divide 11409794?
True
Does 40 divide 261157?
False
Is 203454 a multiple of 339?
False
Does 383 divide 48641?
True
Is 115427 even?
False
Is 247656 a multiple of 607?
True
Does 54 divide 17334?
True
Is 1441324 a multiple of 64?
False
Does 31 divide 398102?
True
Is 370 a factor of 2775908?
False
Is 3086334 a multiple of 24?
False
Does 2 divide 2910706?
True
Is 11 a factor of 196504?
True
Does 12 divide 12468?
True
Is 12 a factor of 473179?
False
Is 700 a factor of 5255546?
False
Does 11 divide 841412?
True
Is 1203246 a multiple of 99?
True
Is 679115 a multiple of 9?
False
Does 5